{"id":109,"date":"2021-04-13T21:04:34","date_gmt":"2021-04-13T19:04:34","guid":{"rendered":"https:\/\/generationwomo.de\/?page_id=109"},"modified":"2023-09-07T18:42:40","modified_gmt":"2023-09-07T16:42:40","slug":"links","status":"publish","type":"page","link":"https:\/\/generationwomo.de\/?page_id=109","title":{"rendered":"Linksammlung zum Thema Wohnmobil"},"content":{"rendered":"\n<p>Diese Sammlung wird weder den Anspruch auf Vollst\u00e4ndigkeit noch auf Seriosit\u00e4t erf\u00fcllen k\u00f6nnen. Vielmehr wird es die Seiten beinhalten, von denen wir selbst profitiert haben oder die uns einfach nur gefallen. Mit Facebook-Gruppen oder -Seiten k\u00f6nnen (und wollen) wir nicht dienen, Facebook steht an erster Stelle auf unserer Never-Use-Liste.<\/p>\n\n\n\n<ul class=\"wp-block-list\"><li><a data-type=\"URL\" data-id=\"https:\/\/fan4van.com\/\" rel=\"noreferrer noopener\" href=\"https:\/\/fan4van.com\/\" target=\"_blank\"><strong>Fan4Van<\/strong>: Eine tolle Seite mit vielen Tipps, Tricks und Berichten. Super sympathischer Betreiber<\/a><\/li><li><a data-type=\"URL\" data-id=\"leniundtoni.de\" rel=\"noreferrer noopener\" href=\"http:\/\/leniundtoni.de\" target=\"_blank\"><strong>Leni und Toni<\/strong> sind, gemeinsam mit ihrer H\u00fcndin Clara immer einen Besuch wert. Hier gibt es viele Reise-, Koch-, Back- und Techniktipps. Das sympathische Paar l\u00e4sst die Besucher auf seinem Youtube-Kanal teilhaben an allen ihren Unternehmungen, ihren Freuden und Leiden und das auf eine sehr unterhaltsame Weise.<\/a><\/li><li><a data-type=\"URL\" data-id=\"wirsehnunsunterwegs.de\" rel=\"noreferrer noopener\" href=\"http:\/\/wirsehnunsunterwegs.de\" target=\"_blank\"><strong>Wir seh&#8217;n uns unterwegs:<\/strong> Etwas f\u00fcr Abenteurer, Bastler und Romantiker. Absolut empfehlenswert und informativ<\/a><\/li><li><a data-type=\"URL\" data-id=\"https:\/\/www.derfreistaat.de\/\" rel=\"noreferrer noopener\" href=\"https:\/\/www.derfreistaat.de\/\" target=\"_blank\"><strong>Der Freistaat<\/strong> ist wohl der bekannteste WoMo-H\u00e4ndler im S\u00fcden der Republik.<\/a><\/li><li><a data-type=\"URL\" data-id=\"https:\/\/forum.hme-ev.de\/index.php\" rel=\"noreferrer noopener\" href=\"https:\/\/forum.hme-ev.de\/index.php\" target=\"_blank\"><strong>Ein Forum<\/strong> f\u00fcr tats\u00e4chliche, potentielle oder auch Nicht-Eigent\u00fcmer von Hymer-Wohnmobilen<\/a><\/li><li><a href=\"https:\/\/traveliki.com\/\" target=\"_blank\" rel=\"noreferrer noopener\"><strong>Traveliki<\/strong> ist eine Plattform von und f\u00fcr Reisende. Hier werden Blogs gesammelt und k\u00f6nnen gesucht werden. Sehr interessant.<\/a><\/li><\/ul>\n\n\n\n<p>Diese Liste ist noch am wachsen\u2026<\/p>\n","protected":false},"excerpt":{"rendered":"<p>Diese Sammlung wird weder den Anspruch auf Vollst\u00e4ndigkeit noch auf Seriosit\u00e4t erf\u00fcllen k\u00f6nnen. Vielmehr wird es die Seiten beinhalten, von denen wir selbst profitiert haben oder die uns einfach nur&#8230;<\/p>\n<p class=\"read-more\"><a class=\"btn btn-default\" href=\"https:\/\/generationwomo.de\/?page_id=109\"> Read More<span class=\"screen-reader-text\">  Read More<\/span><\/a><\/p>\n","protected":false},"author":1,"featured_media":0,"parent":102,"menu_order":2,"comment_status":"closed","ping_status":"closed","template":"","meta":{"footnotes":""},"class_list":["post-109","page","type-page","status-publish","hentry"],"aioseo_notices":[],"_links":{"self":[{"href":"https:\/\/generationwomo.de\/index.php?rest_route=\/wp\/v2\/pages\/109","targetHints":{"allow":["GET"]}}],"collection":[{"href":"https:\/\/generationwomo.de\/index.php?rest_route=\/wp\/v2\/pages"}],"about":[{"href":"https:\/\/generationwomo.de\/index.php?rest_route=\/wp\/v2\/types\/page"}],"author":[{"embeddable":true,"href":"https:\/\/generationwomo.de\/index.php?rest_route=\/wp\/v2\/users\/1"}],"replies":[{"embeddable":true,"href":"https:\/\/generationwomo.de\/index.php?rest_route=%2Fwp%2Fv2%2Fcomments&post=109"}],"version-history":[{"count":1,"href":"https:\/\/generationwomo.de\/index.php?rest_route=\/wp\/v2\/pages\/109\/revisions"}],"predecessor-version":[{"id":3350,"href":"https:\/\/generationwomo.de\/index.php?rest_route=\/wp\/v2\/pages\/109\/revisions\/3350"}],"up":[{"embeddable":true,"href":"https:\/\/generationwomo.de\/index.php?rest_route=\/wp\/v2\/pages\/102"}],"wp:attachment":[{"href":"https:\/\/generationwomo.de\/index.php?rest_route=%2Fwp%2Fv2%2Fmedia&parent=109"}],"curies":[{"name":"wp","href":"https:\/\/api.w.org\/{rel}","templated":true}]}}