{"id":526,"date":"2021-04-16T16:03:22","date_gmt":"2021-04-16T14:03:22","guid":{"rendered":"https:\/\/generationwomo.de\/?page_id=526"},"modified":"2023-04-28T21:59:57","modified_gmt":"2023-04-28T19:59:57","slug":"4-etappe-spiegelau","status":"publish","type":"page","link":"https:\/\/generationwomo.de\/?page_id=526","title":{"rendered":"4. Etappe: Spiegelau"},"content":{"rendered":"<style>.wp-block-kadence-advancedheading.kt-adv-heading_1000c6-8d, .wp-block-kadence-advancedheading.kt-adv-heading_1000c6-8d[data-kb-block=\"kb-adv-heading_1000c6-8d\"]{font-style:normal;color:#046197;}.wp-block-kadence-advancedheading.kt-adv-heading_1000c6-8d mark.kt-highlight, .wp-block-kadence-advancedheading.kt-adv-heading_1000c6-8d[data-kb-block=\"kb-adv-heading_1000c6-8d\"] mark.kt-highlight{font-style:normal;color:#f76a0c;-webkit-box-decoration-break:clone;box-decoration-break:clone;padding-top:0px;padding-right:0px;padding-bottom:0px;padding-left:0px;}.wp-block-kadence-advancedheading.kt-adv-heading_1000c6-8d img.kb-inline-image, .wp-block-kadence-advancedheading.kt-adv-heading_1000c6-8d[data-kb-block=\"kb-adv-heading_1000c6-8d\"] img.kb-inline-image{width:150px;vertical-align:baseline;}<\/style>\n<h3 class=\"kt-adv-heading_1000c6-8d wp-block-kadence-advancedheading\" data-kb-block=\"kb-adv-heading_1000c6-8d\">Vierte Etappe: Camping am Nationalpark (05.10. &#8211; 07.10.2020)<\/h3>\n\n\n\n<p>Der Name des <em><a rel=\"noreferrer noopener\" href=\"https:\/\/www.camping-nationalpark.de\" target=\"_blank\">Campingplatzes<\/a><\/em> in <em><a rel=\"noreferrer noopener\" href=\"https:\/\/de.wikipedia.org\/wiki\/Spiegelau\" target=\"_blank\">Spiegelau<\/a><\/em> im Bayerischen Wald ist ein Versprechen. Es mag am Wetter gelegen haben, dass uns ein gewisses Gef\u00fchl der Tristesse beschlich. Vielleicht war es auch der fortgeschrittenen Jahreszeit geschuldet, dass der Campingplatzbetreiber sich entschlossen hatte, umfangreiche Baggerarbeiten zu veranstalten. Wir haben uns hier nicht sehr wohl gef\u00fchlt und das Versprechen schien sich nicht einl\u00f6sen zu wollen. <\/p>\n\n\n\n<figure class=\"wp-block-image size-large is-style-default\"><img loading=\"lazy\" decoding=\"async\" width=\"960\" height=\"642\" src=\"https:\/\/generationwomo.de\/wp-content\/uploads\/2021\/04\/IMG_0750-e1618581369886.jpeg\" alt=\"\" class=\"wp-image-527\" srcset=\"https:\/\/generationwomo.de\/wp-content\/uploads\/2021\/04\/IMG_0750-e1618581369886.jpeg 960w, https:\/\/generationwomo.de\/wp-content\/uploads\/2021\/04\/IMG_0750-e1618581369886-300x201.jpeg 300w, https:\/\/generationwomo.de\/wp-content\/uploads\/2021\/04\/IMG_0750-e1618581369886-768x514.jpeg 768w, https:\/\/generationwomo.de\/wp-content\/uploads\/2021\/04\/IMG_0750-e1618581369886-404x270.jpeg 404w, https:\/\/generationwomo.de\/wp-content\/uploads\/2021\/04\/IMG_0750-e1618581369886-850x568.jpeg 850w\" sizes=\"auto, (max-width: 960px) 100vw, 960px\" \/><figcaption>Tr\u00fcbes Wetter auf dem Campingplatz am Nationalpark Bayerischer Wald<\/figcaption><\/figure>\n\n\n\n<p>Bevor wir auf den Campingplatz wollten, hatten wir vorgehabt, den Baumwipfelpfad bei Neusch\u00f6nau zu besuchen. Beim Vorhaben ist es geblieben, denn das ganze Gebiet, inklusive der Zufahrt \u00fcber die Nationalparkstra\u00dfe, war gesperrt. Auf der <em><a rel=\"noreferrer noopener\" href=\"https:\/\/treetop-walks.com\/bayerischer-wald\/\" target=\"_blank\">Webseite<\/a><\/em> des Pfades war die Sperrung nicht angek\u00fcndigt. Offensichtlich waren wir gerade am ersten Tag der Sperrung angekommen, denn am n\u00e4chsten Tag sahen wir dann auch den Sperrhinweis auf der Homepage. Wir nahmen deshalb mit einer kleinen Wanderrunde in den Gro\u00dfen Filz, der vom Parkplatz Diensth\u00fcttenstra\u00dfe zu erreichen ist, vorlieb. Hier war das Wetter noch ganz annehmbar und die leichte Wanderung hat uns gut gefallen. <\/p>\n\n\n\n<div style=\"height:28px\" aria-hidden=\"true\" class=\"wp-block-spacer\"><\/div>\n\n\n<style>.wp-block-kadence-advancedgallery.kb-gallery-wrap-id-_d77d26-43{margin-top:-33px;margin-right:-33px;margin-bottom:-33px;margin-left:-33px;}.wp-block-kadence-advancedgallery .kb-gallery-type-masonry.kb-gallery-id-_d77d26-43{margin:-5px;}.kb-gallery-type-masonry.kb-gallery-id-_d77d26-43 .kadence-blocks-gallery-item{padding:5px;}.kb-gallery-id-_d77d26-43 .kadence-blocks-gallery-item .kb-gal-image-radius, .kb-gallery-id-_d77d26-43 .kb-slide-item .kb-gal-image-radius img{border-radius:0px 0px 0px 0px;;}<\/style><div class=\"kb-gallery-wrap-id-_d77d26-43 alignnone wp-block-kadence-advancedgallery\"><ul class=\"kb-gallery-ul kb-gallery-non-static kb-gallery-type-masonry kb-masonry-init kb-gallery-id-_d77d26-43 kb-gallery-caption-style-bottom-hover kb-gallery-filter-none\" data-image-filter=\"none\" data-item-selector=\".kadence-blocks-gallery-item\" data-lightbox-caption=\"true\" data-columns-xxl=\"3\" data-columns-xl=\"3\" data-columns-md=\"3\" data-columns-sm=\"2\" data-columns-xs=\"1\" data-columns-ss=\"1\"><li class=\"kadence-blocks-gallery-item\"><div class=\"kadence-blocks-gallery-item-inner\"><figure class=\"kb-gallery-figure kb-gallery-item-has-link kadence-blocks-gallery-item-hide-caption\"><a href=\"https:\/\/generationwomo.de\/wp-content\/uploads\/2021\/04\/20201005_XT32291.jpg\" class=\"kb-gallery-item-link\"  ><div class=\"kb-gal-image-radius\" style=\"max-width:667px;\"><div class=\"kb-gallery-image-contain kadence-blocks-gallery-intrinsic\" style=\"padding-bottom:149%;\"><img loading=\"lazy\" decoding=\"async\" src=\"https:\/\/generationwomo.de\/wp-content\/uploads\/2021\/04\/20201005_XT32291.jpg\" width=\"667\" height=\"1000\" alt=\"\" data-full-image=\"https:\/\/generationwomo.de\/wp-content\/uploads\/2021\/04\/20201005_XT32291.jpg\" data-light-image=\"https:\/\/generationwomo.de\/wp-content\/uploads\/2021\/04\/20201005_XT32291.jpg\" data-id=\"532\" class=\"wp-image-532\" srcset=\"https:\/\/generationwomo.de\/wp-content\/uploads\/2021\/04\/20201005_XT32291.jpg 667w, https:\/\/generationwomo.de\/wp-content\/uploads\/2021\/04\/20201005_XT32291-200x300.jpg 200w, https:\/\/generationwomo.de\/wp-content\/uploads\/2021\/04\/20201005_XT32291-180x270.jpg 180w\" sizes=\"auto, (max-width: 667px) 100vw, 667px\" \/><\/div><\/div><\/a><\/figure><\/div><\/li><li class=\"kadence-blocks-gallery-item\"><div class=\"kadence-blocks-gallery-item-inner\"><figure class=\"kb-gallery-figure kb-gallery-item-has-link kadence-blocks-gallery-item-hide-caption\"><a href=\"https:\/\/generationwomo.de\/wp-content\/uploads\/2021\/04\/20201005_XT32295.jpg\" class=\"kb-gallery-item-link\"  ><div class=\"kb-gal-image-radius\" style=\"max-width:667px;\"><div class=\"kb-gallery-image-contain kadence-blocks-gallery-intrinsic\" style=\"padding-bottom:149%;\"><img loading=\"lazy\" decoding=\"async\" src=\"https:\/\/generationwomo.de\/wp-content\/uploads\/2021\/04\/20201005_XT32295.jpg\" width=\"667\" height=\"1000\" alt=\"\" data-full-image=\"https:\/\/generationwomo.de\/wp-content\/uploads\/2021\/04\/20201005_XT32295.jpg\" data-light-image=\"https:\/\/generationwomo.de\/wp-content\/uploads\/2021\/04\/20201005_XT32295.jpg\" data-id=\"534\" class=\"wp-image-534\" srcset=\"https:\/\/generationwomo.de\/wp-content\/uploads\/2021\/04\/20201005_XT32295.jpg 667w, https:\/\/generationwomo.de\/wp-content\/uploads\/2021\/04\/20201005_XT32295-200x300.jpg 200w, https:\/\/generationwomo.de\/wp-content\/uploads\/2021\/04\/20201005_XT32295-180x270.jpg 180w\" sizes=\"auto, (max-width: 667px) 100vw, 667px\" \/><\/div><\/div><\/a><\/figure><\/div><\/li><li class=\"kadence-blocks-gallery-item\"><div class=\"kadence-blocks-gallery-item-inner\"><figure class=\"kb-gallery-figure kb-gallery-item-has-link kadence-blocks-gallery-item-hide-caption\"><a href=\"https:\/\/generationwomo.de\/wp-content\/uploads\/2021\/04\/20201005_XT32299.jpg\" class=\"kb-gallery-item-link\"  ><div class=\"kb-gal-image-radius\" style=\"max-width:667px;\"><div class=\"kb-gallery-image-contain kadence-blocks-gallery-intrinsic\" style=\"padding-bottom:149%;\"><img loading=\"lazy\" decoding=\"async\" src=\"https:\/\/generationwomo.de\/wp-content\/uploads\/2021\/04\/20201005_XT32299.jpg\" width=\"667\" height=\"1000\" alt=\"\" data-full-image=\"https:\/\/generationwomo.de\/wp-content\/uploads\/2021\/04\/20201005_XT32299.jpg\" data-light-image=\"https:\/\/generationwomo.de\/wp-content\/uploads\/2021\/04\/20201005_XT32299.jpg\" data-id=\"535\" class=\"wp-image-535\" srcset=\"https:\/\/generationwomo.de\/wp-content\/uploads\/2021\/04\/20201005_XT32299.jpg 667w, https:\/\/generationwomo.de\/wp-content\/uploads\/2021\/04\/20201005_XT32299-200x300.jpg 200w, https:\/\/generationwomo.de\/wp-content\/uploads\/2021\/04\/20201005_XT32299-180x270.jpg 180w\" sizes=\"auto, (max-width: 667px) 100vw, 667px\" \/><\/div><\/div><\/a><\/figure><\/div><\/li><li class=\"kadence-blocks-gallery-item\"><div class=\"kadence-blocks-gallery-item-inner\"><figure class=\"kb-gallery-figure kb-gallery-item-has-link kadence-blocks-gallery-item-hide-caption\"><a href=\"https:\/\/generationwomo.de\/wp-content\/uploads\/2021\/04\/20201005_XT32301.jpg\" class=\"kb-gallery-item-link\"  ><div class=\"kb-gal-image-radius\" style=\"max-width:667px;\"><div class=\"kb-gallery-image-contain kadence-blocks-gallery-intrinsic\" style=\"padding-bottom:149%;\"><img loading=\"lazy\" decoding=\"async\" src=\"https:\/\/generationwomo.de\/wp-content\/uploads\/2021\/04\/20201005_XT32301.jpg\" width=\"667\" height=\"1000\" alt=\"\" data-full-image=\"https:\/\/generationwomo.de\/wp-content\/uploads\/2021\/04\/20201005_XT32301.jpg\" data-light-image=\"https:\/\/generationwomo.de\/wp-content\/uploads\/2021\/04\/20201005_XT32301.jpg\" data-id=\"536\" class=\"wp-image-536\" srcset=\"https:\/\/generationwomo.de\/wp-content\/uploads\/2021\/04\/20201005_XT32301.jpg 667w, https:\/\/generationwomo.de\/wp-content\/uploads\/2021\/04\/20201005_XT32301-200x300.jpg 200w, https:\/\/generationwomo.de\/wp-content\/uploads\/2021\/04\/20201005_XT32301-180x270.jpg 180w\" sizes=\"auto, (max-width: 667px) 100vw, 667px\" \/><\/div><\/div><\/a><\/figure><\/div><\/li><li class=\"kadence-blocks-gallery-item\"><div class=\"kadence-blocks-gallery-item-inner\"><figure class=\"kb-gallery-figure kb-gallery-item-has-link kadence-blocks-gallery-item-hide-caption\"><a href=\"https:\/\/generationwomo.de\/wp-content\/uploads\/2021\/04\/20201005_XT32311.jpg\" class=\"kb-gallery-item-link\"  ><div class=\"kb-gal-image-radius\" style=\"max-width:1000px;\"><div class=\"kb-gallery-image-contain kadence-blocks-gallery-intrinsic\" style=\"padding-bottom:66%;\"><img loading=\"lazy\" decoding=\"async\" src=\"https:\/\/generationwomo.de\/wp-content\/uploads\/2021\/04\/20201005_XT32311.jpg\" width=\"1000\" height=\"667\" alt=\"\" data-full-image=\"https:\/\/generationwomo.de\/wp-content\/uploads\/2021\/04\/20201005_XT32311.jpg\" data-light-image=\"https:\/\/generationwomo.de\/wp-content\/uploads\/2021\/04\/20201005_XT32311.jpg\" data-id=\"538\" class=\"wp-image-538\" srcset=\"https:\/\/generationwomo.de\/wp-content\/uploads\/2021\/04\/20201005_XT32311.jpg 1000w, https:\/\/generationwomo.de\/wp-content\/uploads\/2021\/04\/20201005_XT32311-300x200.jpg 300w, https:\/\/generationwomo.de\/wp-content\/uploads\/2021\/04\/20201005_XT32311-768x512.jpg 768w, https:\/\/generationwomo.de\/wp-content\/uploads\/2021\/04\/20201005_XT32311-405x270.jpg 405w, https:\/\/generationwomo.de\/wp-content\/uploads\/2021\/04\/20201005_XT32311-850x567.jpg 850w\" sizes=\"auto, (max-width: 1000px) 100vw, 1000px\" \/><\/div><\/div><\/a><\/figure><\/div><\/li><li class=\"kadence-blocks-gallery-item\"><div class=\"kadence-blocks-gallery-item-inner\"><figure class=\"kb-gallery-figure kb-gallery-item-has-link kadence-blocks-gallery-item-hide-caption\"><a href=\"https:\/\/generationwomo.de\/wp-content\/uploads\/2021\/04\/20201005_XT32305-1.jpg\" class=\"kb-gallery-item-link\"  ><div class=\"kb-gal-image-radius\" style=\"max-width:1000px;\"><div class=\"kb-gallery-image-contain kadence-blocks-gallery-intrinsic\" style=\"padding-bottom:66%;\"><img loading=\"lazy\" decoding=\"async\" src=\"https:\/\/generationwomo.de\/wp-content\/uploads\/2021\/04\/20201005_XT32305-1.jpg\" width=\"1000\" height=\"667\" alt=\"\" data-full-image=\"https:\/\/generationwomo.de\/wp-content\/uploads\/2021\/04\/20201005_XT32305-1.jpg\" data-light-image=\"https:\/\/generationwomo.de\/wp-content\/uploads\/2021\/04\/20201005_XT32305-1.jpg\" data-id=\"539\" class=\"wp-image-539\" srcset=\"https:\/\/generationwomo.de\/wp-content\/uploads\/2021\/04\/20201005_XT32305-1.jpg 1000w, https:\/\/generationwomo.de\/wp-content\/uploads\/2021\/04\/20201005_XT32305-1-300x200.jpg 300w, https:\/\/generationwomo.de\/wp-content\/uploads\/2021\/04\/20201005_XT32305-1-768x512.jpg 768w, https:\/\/generationwomo.de\/wp-content\/uploads\/2021\/04\/20201005_XT32305-1-405x270.jpg 405w, https:\/\/generationwomo.de\/wp-content\/uploads\/2021\/04\/20201005_XT32305-1-850x567.jpg 850w\" sizes=\"auto, (max-width: 1000px) 100vw, 1000px\" \/><\/div><\/div><\/a><\/figure><\/div><\/li><\/ul><\/div>\n\n\n<div style=\"height:57px\" aria-hidden=\"true\" class=\"wp-block-spacer\"><\/div>\n\n\n\n<p>Nachdem das Wetter sich langsam winterlich entwickelte und der Wetterbericht wenig \u00c4nderung versprach, haben wir uns entschlossen, der K\u00e4lte einfach davonzufahren und in den Niederungen der Hallertau unser Gl\u00fcck zu versuchen. Das ist sicher einer der gr\u00f6\u00dften Vorteile des Reisens mit dem Wohnmobil. Planung ist gut und sch\u00f6n, aber wenn Planung und Realit\u00e4t nicht so recht zusammenpassen wollen, kann man spontan umdisponieren. Also packen wir ein (das ist schwer \u00fcbertrieben, denn eigentlich haben wir nichts ausgepackt, was jetzt wieder eingepackt werden m\u00fcsste), entsorgen das Grauwasser und die Toilettenkassette und starten Richtung Flachland. Mehr dazu in der n\u00e4chsten Folge.<\/p>\n\n\n\n<div class=\"wp-block-buttons is-content-justification-center is-layout-flex wp-block-buttons-is-layout-flex\">\n<div class=\"wp-block-button is-style-fill\"><a class=\"wp-block-button__link has-vivid-green-cyan-background-color has-background\" href=\"https:\/\/generationwomo.de\/?page_id=485\">\u2190 Zur\u00fcck zur dritten Etappe <\/a><\/div>\n\n\n\n<div class=\"wp-block-button\"><a class=\"wp-block-button__link has-vivid-green-cyan-background-color has-background\" href=\"https:\/\/generationwomo.de\/?page_id=105\">\u2191 Reiseseite \u2191<\/a><\/div>\n\n\n\n<div class=\"wp-block-button\"><a class=\"wp-block-button__link has-vivid-green-cyan-background-color has-background\" href=\"https:\/\/generationwomo.de\/?page_id=549\">Weiter zur f\u00fcnften Etappe \u2192<\/a><\/div>\n<\/div>\n\n\n\n<p><\/p>\n","protected":false},"excerpt":{"rendered":"<p>Vierte Etappe: Camping am Nationalpark (05.10. &#8211; 07.10.2020) Der Name des Campingplatzes in Spiegelau im Bayerischen Wald ist ein Versprechen. Es mag am Wetter gelegen haben, dass uns ein gewisses&#8230;<\/p>\n<p class=\"read-more\"><a class=\"btn btn-default\" href=\"https:\/\/generationwomo.de\/?page_id=526\"> Read More<span class=\"screen-reader-text\">  Read More<\/span><\/a><\/p>\n","protected":false},"author":1,"featured_media":547,"parent":105,"menu_order":4,"comment_status":"closed","ping_status":"closed","template":"template-page-FeaturedImgHead.php","meta":{"footnotes":""},"class_list":["post-526","page","type-page","status-publish","has-post-thumbnail","hentry"],"aioseo_notices":[],"_links":{"self":[{"href":"https:\/\/generationwomo.de\/index.php?rest_route=\/wp\/v2\/pages\/526","targetHints":{"allow":["GET"]}}],"collection":[{"href":"https:\/\/generationwomo.de\/index.php?rest_route=\/wp\/v2\/pages"}],"about":[{"href":"https:\/\/generationwomo.de\/index.php?rest_route=\/wp\/v2\/types\/page"}],"author":[{"embeddable":true,"href":"https:\/\/generationwomo.de\/index.php?rest_route=\/wp\/v2\/users\/1"}],"replies":[{"embeddable":true,"href":"https:\/\/generationwomo.de\/index.php?rest_route=%2Fwp%2Fv2%2Fcomments&post=526"}],"version-history":[{"count":2,"href":"https:\/\/generationwomo.de\/index.php?rest_route=\/wp\/v2\/pages\/526\/revisions"}],"predecessor-version":[{"id":3296,"href":"https:\/\/generationwomo.de\/index.php?rest_route=\/wp\/v2\/pages\/526\/revisions\/3296"}],"up":[{"embeddable":true,"href":"https:\/\/generationwomo.de\/index.php?rest_route=\/wp\/v2\/pages\/105"}],"wp:featuredmedia":[{"embeddable":true,"href":"https:\/\/generationwomo.de\/index.php?rest_route=\/wp\/v2\/media\/547"}],"wp:attachment":[{"href":"https:\/\/generationwomo.de\/index.php?rest_route=%2Fwp%2Fv2%2Fmedia&parent=526"}],"curies":[{"name":"wp","href":"https:\/\/api.w.org\/{rel}","templated":true}]}}