{"id":903,"date":"2021-04-19T19:31:14","date_gmt":"2021-04-19T17:31:14","guid":{"rendered":"https:\/\/generationwomo.de\/?page_id=903"},"modified":"2021-04-22T00:20:04","modified_gmt":"2021-04-21T22:20:04","slug":"grundlagen","status":"publish","type":"page","link":"https:\/\/generationwomo.de\/?page_id=903","title":{"rendered":"Grundlagen"},"content":{"rendered":"<style>.wp-block-kadence-advancedheading.kt-adv-heading_66a2cd-43, .wp-block-kadence-advancedheading.kt-adv-heading_66a2cd-43[data-kb-block=\"kb-adv-heading_66a2cd-43\"]{font-style:normal;}.wp-block-kadence-advancedheading.kt-adv-heading_66a2cd-43 mark.kt-highlight, .wp-block-kadence-advancedheading.kt-adv-heading_66a2cd-43[data-kb-block=\"kb-adv-heading_66a2cd-43\"] mark.kt-highlight{font-style:normal;color:#f76a0c;-webkit-box-decoration-break:clone;box-decoration-break:clone;padding-top:0px;padding-right:0px;padding-bottom:0px;padding-left:0px;}.wp-block-kadence-advancedheading.kt-adv-heading_66a2cd-43 img.kb-inline-image, .wp-block-kadence-advancedheading.kt-adv-heading_66a2cd-43[data-kb-block=\"kb-adv-heading_66a2cd-43\"] img.kb-inline-image{width:150px;vertical-align:baseline;}<\/style>\n<h2 class=\"kt-adv-heading_66a2cd-43 wp-block-kadence-advancedheading\" data-kb-block=\"kb-adv-heading_66a2cd-43\">Ein Ausflug in die elektrotechnischen Grundlagen f\u00fcr Neulinge<\/h2>\n\n\n<style>.kb-table-of-content-nav.kb-table-of-content-id_e9fddb-76 .kb-table-of-content-wrap{padding-top:var(--global-kb-spacing-sm, 1.5rem);padding-right:var(--global-kb-spacing-sm, 1.5rem);padding-bottom:var(--global-kb-spacing-sm, 1.5rem);padding-left:var(--global-kb-spacing-sm, 1.5rem);}.kb-table-of-content-nav.kb-table-of-content-id_e9fddb-76 .kb-table-of-contents-title-wrap{padding-top:0px;padding-right:0px;padding-bottom:0px;padding-left:0px;}.kb-table-of-content-nav.kb-table-of-content-id_e9fddb-76 .kb-table-of-contents-title{font-weight:regular;font-style:normal;}.kb-table-of-content-nav.kb-table-of-content-id_e9fddb-76 .kb-table-of-content-wrap .kb-table-of-content-list{font-weight:regular;font-style:normal;margin-top:var(--global-kb-spacing-sm, 1.5rem);margin-right:0px;margin-bottom:0px;margin-left:0px;}<\/style>\n\n<style>.wp-block-kadence-advancedbtn.kb-btns_82e97c-d7{gap:var(--global-kb-gap-xs, 0.5rem );justify-content:flex-start;align-items:center;}.kt-btns_82e97c-d7 .kt-button{font-weight:normal;font-style:normal;}.kt-btns_82e97c-d7 .kt-btn-wrap-0{margin-right:5px;}.wp-block-kadence-advancedbtn.kt-btns_82e97c-d7 .kt-btn-wrap-0 .kt-button{color:#555555;font-size:14px;background:#00d084;border-color:#00d084;box-shadow:2px 2px 3px 0px rgba(0, 0, 0, 0.2);}.wp-block-kadence-advancedbtn.kt-btns_82e97c-d7 .kt-btn-wrap-0 .kt-button:hover, .wp-block-kadence-advancedbtn.kt-btns_82e97c-d7 .kt-btn-wrap-0 .kt-button:focus{color:#ffffff;border-color:#00d084;}.wp-block-kadence-advancedbtn.kt-btns_82e97c-d7 .kt-btn-wrap-0 .kt-button::before{display:none;}.wp-block-kadence-advancedbtn.kt-btns_82e97c-d7 .kt-btn-wrap-0 .kt-button:hover, .wp-block-kadence-advancedbtn.kt-btns_82e97c-d7 .kt-btn-wrap-0 .kt-button:focus{background:#00d084;box-shadow:inset 2px 2px 3px 0px rgba(0, 0, 0, 0.4);}<\/style>\n<div class=\"wp-block-kadence-advancedbtn kt-btn-align-left kt-btn-tablet-align-inherit kt-btn-mobile-align-inherit kt-btns-wrap kt-btns_82e97c-d7\"><div class=\"kt-btn-wrap kt-btn-wrap-0\"><a class=\"kt-button button kt-btn-0-action kt-btn-size-small kt-btn-style-basic kt-btn-svg-show-always kt-btn-has-text-true kt-btn-has-svg-false\" href=\"https:\/\/generationwomo.de\/?page_id=107\"><span class=\"kt-btn-inner-text\">Zur\u00fcck zum \u00dcberblick<\/span><\/a><\/div><\/div>\n\n\n\n<p><br>Bevor wir damit anfangen, uns Gedanken \u00fcber den Einbau eines elektrotechnischen Ger\u00e4tes zu machen, sollten die Grundlagen klar sein, die wir ben\u00f6tigen, um Absch\u00e4tzungen und Berechnungen durchf\u00fchren zu k\u00f6nnen. Wer sich auf diesem Gebiet nicht auskennt, kann hier vielleicht einen Einstieg bekommen.<\/p>\n\n\n\n<p><strong>Eine Warnung vorweg:<\/strong> <strong>Jede Arbeit an der Elektrik eines Wohnmobils birgt inh\u00e4rente Gefahren! Von der Gefahr eines <em><a href=\"https:\/\/de.wikipedia.org\/wiki\/Stromunfall\" target=\"_blank\" rel=\"noreferrer noopener\">Stromschlages<\/a><\/em>, der bereits bei Spannungen \u00fcber 60V unter Umst\u00e4nden t\u00f6dlich verlaufen kann, bis zur Brandgefahr, wenn Kabel sich im Betrieb erhitzen, weil sie falsch dimensioniert waren, es gibt eine ganze Palette denkbarer Gefahren. Im Zweifelsfall ist immer anzuraten, die Arbeiten von Fachleuten durchf\u00fchren oder wenigstens \u00fcberpr\u00fcfen zu lassen.<\/strong><\/p>\n\n\n\n<p>Diese Einf\u00fchrung ist deshalb nur dazu gedacht, die Vor\u00fcberlegungen zu erleichtern, die man <strong>vor<\/strong> Einbau eines Wechselrichters anstellen sollte. Es ist keine Bastelanleitung.<\/p>\n\n\n<style>.wp-block-kadence-advancedheading.kt-adv-heading_777d53-45, .wp-block-kadence-advancedheading.kt-adv-heading_777d53-45[data-kb-block=\"kb-adv-heading_777d53-45\"]{font-style:normal;}.wp-block-kadence-advancedheading.kt-adv-heading_777d53-45 mark.kt-highlight, .wp-block-kadence-advancedheading.kt-adv-heading_777d53-45[data-kb-block=\"kb-adv-heading_777d53-45\"] mark.kt-highlight{font-style:normal;color:#f76a0c;-webkit-box-decoration-break:clone;box-decoration-break:clone;padding-top:0px;padding-right:0px;padding-bottom:0px;padding-left:0px;}.wp-block-kadence-advancedheading.kt-adv-heading_777d53-45 img.kb-inline-image, .wp-block-kadence-advancedheading.kt-adv-heading_777d53-45[data-kb-block=\"kb-adv-heading_777d53-45\"] img.kb-inline-image{width:150px;vertical-align:baseline;}<\/style>\n<h3 class=\"kt-adv-heading_777d53-45 wp-block-kadence-advancedheading\" data-kb-block=\"kb-adv-heading_777d53-45\">Strom, Spannung, Widerstand<\/h3>\n\n\n\n<section id=\"gmbfacdd6\" class=\"wp-block-gutentor-m4 section-gmbfacdd6 gutentor-module gutentor-advanced-columns\"><div class=\"grid-container\"><div class=\"grid-row\">\n<div id=\"col-gma1f620\" class=\"wp-block-gutentor-m4-col col-gma1f620 gutentor-single-column  grid-lg-8 grid-md-8 grid-12\"><div id=\"section-gma1f620\" class=\"section-gma1f620 gutentor-col-wrap\">\n<p>Was ist Strom? Das ist hier die Frage. Strom k\u00f6nnen wir nicht sehen, nicht h\u00f6ren und nicht riechen. Er beruht auf der Wanderung von winzig kleinen (wirklich extrem winzig kleinen) Teilchen, den Elektronen, in einem elektrischen Leiter. Was ist ein elektrischer Leiter? Einfach ein Material, meistens ein Metall wie Kupfer oder Aluminium, in dem sich diese Elektronen einigerma\u00dfen ungest\u00f6rt bewegen k\u00f6nnen. Etwa so, wie das Wasser eines Flusses in einem Flussbett.<br>Die Grundgr\u00f6\u00dfe zur Beschreibung des elektrischen Stromes ist die <em>Stromst\u00e4rke<\/em>. In Formeln benutzt man das <span style=\"font-family:monospace\">I<\/span> f\u00fcr die Stromst\u00e4rke. Die Ma\u00dfeinheit ist das Ampere (A), benannt nach dem franz\u00f6sischen Physiker Andr\u00e9-Marie Amp\u00e8re (1775-1836). Je mehr Elektronen sich pro Zeiteinheit durch den Leiter bewegen, desto gr\u00f6\u00dfer ist die Stromst\u00e4rke, also, wenn wir eine Stromst\u00e4rke von 2A (2 Ampere) haben, flie\u00dfen doppelt so viele Elektronen pro Zeiteinheit durch den Leiter, als wenn die Stromst\u00e4rke 1A w\u00e4re. Das ist doch einfach, oder?<\/p>\n<\/div><\/div>\n\n\n\n<div id=\"col-gmaad8ef\" class=\"wp-block-gutentor-m4-col col-gmaad8ef gutentor-single-column  grid-lg-4 grid-md-4 grid-12\"><div id=\"section-gmaad8ef\" class=\"section-gmaad8ef gutentor-col-wrap\">\n<div class=\"wp-block-image\"><figure class=\"alignright size-full is-resized\"><img decoding=\"async\" src=\"https:\/\/generationwomo.de\/wp-content\/uploads\/2021\/04\/Ampere_Andre_1825.jpg\" alt=\"Andre Amp\u00e8re\" class=\"wp-image-908\" width=\"150\" \/><figcaption>Andr\u00e9-Marie Amp\u00e8re<sup><a href=\"#Fussnoten\" title=\"#Fussnoten\">1<\/a><\/sup><\/figcaption><\/figure><\/div>\n\n\n\n<p><\/p>\n<\/div><\/div>\n<\/div><\/div><\/section>\n\n\n\n<div class=\"wp-block-group\"><div class=\"wp-block-group__inner-container is-layout-flow wp-block-group-is-layout-flow\">\n<section id=\"gmdf0891a\" class=\"wp-block-gutentor-m4 section-gmdf0891a gutentor-module gutentor-advanced-columns\"><div class=\"grid-container\"><div class=\"grid-row\">\n<div id=\"col-gma971c7\" class=\"wp-block-gutentor-m4-col col-gma971c7 gutentor-single-column  grid-lg-8 grid-md-8 grid-12\"><div id=\"section-gma971c7\" class=\"section-gma971c7 gutentor-col-wrap\">\n<p>Bleiben wir mal bei unserem Fluss: Die Stromst\u00e4rke entspricht der Menge des Wassers, die den Fluss entlang flie\u00dft. Wie kann diese Menge beeinflusst werden? Zun\u00e4chst einmal durch zwei Einflussfaktoren, die Breite des Flusses und das Gef\u00e4lle. Je breiter ein Fluss ist und je gr\u00f6\u00dfer sein Gef\u00e4lle ist, desto mehr Wasser flie\u00dft (wenn wir der Einfachheit halber mal annehmen, dass immer gen\u00fcgend Wasser nachflie\u00dft). Die Breite des Flusses k\u00f6nnen wir leicht auf einen elektrischen Leiter \u00fcbertragen: Der Querschnitt eines Leiters oder Kabels entspricht der Flussbreite. Das Gef\u00e4lle hei\u00dft in der Elektrotechnik <em>Spannung<\/em>. Das Formelzeichen f\u00fcr die Spannung ist das <span style=\"font-family:monospace\">U<\/span>. Die Ma\u00dfeinheit, in der wir die Spannung angeben, ist das Volt (V). Es ist leicht zu erkennen, wer der Namenspate f\u00fcr das Volt ist.<\/p>\n<\/div><\/div>\n\n\n\n<div id=\"col-gm7cfc20\" class=\"wp-block-gutentor-m4-col col-gm7cfc20 gutentor-single-column  grid-lg-4 grid-md-4 grid-12\"><div id=\"section-gm7cfc20\" class=\"section-gm7cfc20 gutentor-col-wrap\">\n<div class=\"wp-block-image\"><figure class=\"alignright size-full is-resized\"><img loading=\"lazy\" decoding=\"async\" src=\"https:\/\/generationwomo.de\/wp-content\/uploads\/2021\/04\/Alessandro_Volta.jpeg\" alt=\"\" class=\"wp-image-914\" width=\"195\" height=\"240\" \/><figcaption>Alessandro Volta<sup><a href=\"#Fussnoten\">2<\/a><\/sup><\/figcaption><\/figure><\/div>\n<\/div><\/div>\n<\/div><\/div><\/section>\n<\/div><\/div>\n\n\n\n<section id=\"gmcc00738\" class=\"wp-block-gutentor-m4 section-gmcc00738 gutentor-module gutentor-advanced-columns\"><div class=\"grid-container\"><div class=\"grid-row\">\n<div id=\"col-gm92cabe\" class=\"wp-block-gutentor-m4-col col-gm92cabe gutentor-single-column  grid-lg-12 grid-md-12 grid-12\"><div id=\"section-gm92cabe\" class=\"section-gm92cabe gutentor-col-wrap\">\n<p>Wir k\u00f6nnen also sagen: Je gr\u00f6\u00dfer die Spannung und je dicker das Kabel (der Leiter), desto gr\u00f6\u00dfer die Stromst\u00e4rke. Nun haben wir noch die Frage zu beantworten, ob wir damit alle M\u00f6glichkeiten zur Beeinflussung der Wassermenge bzw. der Stromst\u00e4rke erfasst haben. Stellen wir uns noch mal unseren Fluss vor. Es ist leicht einzusehen, dass die Gestalt des Flusses (seine Kr\u00fcmmungen, gro\u00dfe Steine, die im Flussbett liegen, D\u00e4mme usw.) ebenfalls die Menge an Wasser beeinflussen. Durch einen geraden, zu einem Kanal ausgebauten Fluss schie\u00dft viel mehr Wasser hindurch, als durch einen Fluss, der sich durch die Landschaft schl\u00e4ngelt. Man k\u00f6nnte sagen, dass ein m\u00e4andrierender Fluss dem Wasser einen gr\u00f6\u00dferen Widerstand entgegensetzt, als ein gerader Kanal.<\/p>\n<\/div><\/div>\n<\/div><\/div><\/section>\n\n\n\n<section id=\"gmc732e51\" class=\"wp-block-gutentor-m4 section-gmc732e51 gutentor-module gutentor-advanced-columns\"><div class=\"grid-container\"><div class=\"grid-row\">\n<div id=\"col-gm060e19\" class=\"wp-block-gutentor-m4-col col-gm060e19 gutentor-single-column  grid-lg-8 grid-md-12 grid-12\"><div id=\"section-gm060e19\" class=\"section-gm060e19 gutentor-col-wrap\">\n<p>Damit haben wir den n\u00e4chsten Einflussfaktor: Den <em>Widerstand<\/em>. In der Elektrotechnik hat der Widerstand das Formelzeichen <span style=\"font-family:monospace\">R<\/span> und die Ma\u00dfeinheit ist das Ohm (\u03a9), das nach dem gleichnamigen netten Herrn benannt ist. Allerdings ist der elektrische Widerstand nicht dadurch bestimmt, ob ein Kabel gerade liegt, oder ob es um eine Ecke gebogen ist (das ist den wirklich extrem winzigen Elektronen schlichtweg egal). Der Widerstand wird vielmehr durch das Material des Kabels gegeben. Ein Kabel aus Aluminium hat beispielsweise einen gr\u00f6\u00dferen elektrischen Widerstand als ein gleich dickes und gleich langes Kabel aus Kupfer. Wer es dem Strom also bequem machen m\u00f6chte, der verwendet Kupferkabel (noch etwas besser w\u00e4re reines Silber, aber wer kann das schon bezahlen?).<\/p>\n<\/div><\/div>\n\n\n\n<div id=\"col-gmc03184\" class=\"wp-block-gutentor-m4-col col-gmc03184 gutentor-single-column  grid-lg-4 grid-md-12 grid-12\"><div id=\"section-gmc03184\" class=\"section-gmc03184 gutentor-col-wrap\">\n<div class=\"wp-block-image\"><figure class=\"alignright size-full is-resized\"><img loading=\"lazy\" decoding=\"async\" src=\"https:\/\/generationwomo.de\/wp-content\/uploads\/2021\/04\/Georg_Simon_Ohm3-e1618846338721.jpg\" alt=\"Georg Simon Ohm\" class=\"wp-image-922\" width=\"205\" height=\"262\" \/><figcaption>Georg Simon Ohm<sup><a href=\"#Fussnoten\">3<\/a><\/sup><\/figcaption><\/figure><\/div>\n<\/div><\/div>\n<\/div><\/div><\/section>\n\n\n\n<p>Was hei\u00dft das nun?<\/p>\n\n\n\n<pre class=\"wp-block-preformatted\">1. Je gr\u00f6\u00dfer die Spannung <em>U<\/em>, desto gr\u00f6\u00dfer die Stromst\u00e4rke <em>I<\/em>.\n2. Je gr\u00f6\u00dfer der Widerstand <em>R<\/em>, desto kleiner die Stromst\u00e4rke <em>I<\/em>.\n\nZusammengefasst wird das zum Ohmschen Gesetz:\n \n   <em>R<\/em> = <em>U<\/em> \/ <em>I<\/em> \n\noder, wenn wir die Stromst\u00e4rke wissen wollen:\n\n   <em>I<\/em> = <em>U<\/em> \/ <em>R<\/em>\n\noder, wenn wir die Spannung wissen wollen:\n  \n   <em>U<\/em> = <em>I<\/em> \u22c5 <em>R<\/em>\n\n<strong>Das Ohmsche Gesetz ist so etwas wie das Grundgesetz der Elektrotechnik.<\/strong><\/pre>\n\n\n\n<div style=\"height:31px\" aria-hidden=\"true\" class=\"wp-block-spacer\"><\/div>\n\n\n<style>.wp-block-kadence-advancedheading.kt-adv-heading_80110e-dc, .wp-block-kadence-advancedheading.kt-adv-heading_80110e-dc[data-kb-block=\"kb-adv-heading_80110e-dc\"]{font-style:normal;}.wp-block-kadence-advancedheading.kt-adv-heading_80110e-dc mark.kt-highlight, .wp-block-kadence-advancedheading.kt-adv-heading_80110e-dc[data-kb-block=\"kb-adv-heading_80110e-dc\"] mark.kt-highlight{font-style:normal;color:#f76a0c;-webkit-box-decoration-break:clone;box-decoration-break:clone;padding-top:0px;padding-right:0px;padding-bottom:0px;padding-left:0px;}.wp-block-kadence-advancedheading.kt-adv-heading_80110e-dc img.kb-inline-image, .wp-block-kadence-advancedheading.kt-adv-heading_80110e-dc[data-kb-block=\"kb-adv-heading_80110e-dc\"] img.kb-inline-image{width:150px;vertical-align:baseline;}<\/style>\n<h3 class=\"kt-adv-heading_80110e-dc wp-block-kadence-advancedheading\" data-kb-block=\"kb-adv-heading_80110e-dc\">Leistung<\/h3>\n\n\n\n<p>Nachdem wir <s>die Verfassung<\/s> das Grundgesetz der Elektrotechnik kennengelernt haben, m\u00fcssen wir uns noch mit dem Begriff <em>Leistung<\/em> auseinandersetzen. Wir verwenden hierf\u00fcr das Formelzeichen <span style=\"font-family:monospace; Font-style:italic\">P<\/span> und die Einheit Watt (W). Da der Namenspatron f\u00fcr diese Einheit (James Watt) nichts mit Elektrizit\u00e4t am Hut hatte, brauchen wir sein Konterfei hier nicht bewundern.<\/p>\n\n\n\n<p>Was hat es nun mit der Leistung auf sich? Dazu sollten wir den Sinn des Lebens f\u00fcr den elektrischen Strom beleuchten. Warum gibt es den Strom? Nat\u00fcrlich daf\u00fcr, dass er uns die Nacht erleuchtet, dass er Bohrmaschinen antreibt, dass er Kaffeemaschinen dazu bringt, Kaffee zu kochen und auch, um uns von einem Ort zum anderen zu bringen. Eine tolle Leistung!<\/p>\n\n\n\n<p>Ok, so richtig wissen wir noch nicht, was es nun mit der elektrischen Leistung auf sich hat. Physikalisch gesprochen ist es die Menge an Arbeit, die pro Zeiteinheit verrichtet wird. Jetzt kommt doch wieder Mr. Watt ins Spiel: Seine Dampfmaschine verrichtete eine Menge Arbeit in kurzer Zeit. Sie hatte eine hohe Leistung, zumindest verglichen mit den armen Jungs, die vor der Erfindung der Dampfmaschine Wasser aus Bergwerkssch\u00e4chten pumpen mussten, damit die Kumpel darin nicht ertranken. Also die Arbeit war, eine bestimmte Menge Wasser aus dem Schacht zu pumpen. Die Leistung der Jungs war, diese Arbeit  in einer gen\u00fcgend kurzen Zeit zu verrichten. W\u00e4ren die Pumpenjungen zu langsam gewesen, w\u00e4re das Wasser schneller in die Grube nachgeflossen als herausgepumpt wurde. Das h\u00e4tte den Kumpeln unten nicht gefallen. Die Dampfmaschine war jedoch schneller. Sie brauchte also weniger Zeit f\u00fcr die gleiche Arbeit, ihre Leistung war gr\u00f6\u00dfer. Andererseits konnte sie gr\u00f6\u00dfere Gruben entw\u00e4ssern, also mehr Wasser in der gleichen Zeit wie die Jungs brauchten, heraus f\u00f6rdern, weil eben ihre Leistung gr\u00f6\u00dfer war.<\/p>\n\n\n\n<p>Ohne n\u00e4her auf die mechanische Leistung einzugehen, soll hier die Formel f\u00fcr die elektrische Leistung diskutiert werden. Wir werden die Erkenntnisse ben\u00f6tigen, um den omin\u00f6sen Wechselrichter zu verstehen.<\/p>\n\n\n\n<pre class=\"wp-block-preformatted\">Die Formel ist ganz einfach:\n\n<em>P<\/em> = <em>U<\/em> \u22c5 <em>I<\/em><\/pre>\n\n\n\n<p>Wir wissen nun, wie wir sie zu lesen haben: Die Leistung ist das Produkt aus Spannung und Stromst\u00e4rke. Machen wir uns das mal an einem Beispiel klar.<\/p>\n\n\n\n<p>Eine ganz wichtige elektrische Maschine ist die Kaffeemaschine. Sie soll die Arbeit verrichten, eine bestimmte Menge Wasser zum Kochen zu bringen und damit einen Kaffee zubereiten. Wir wollen nat\u00fcrlich nicht stundenlang auf den Kaffee warten, sondern das soll in ein paar Minuten erledigt sein. Um das zu schaffen, ben\u00f6tigt eine durchschnittliche Kaffeemaschine etwa eine Leistung von 1000&nbsp;Watt. Wohlgemerkt, Kaffee k\u00f6nnte man auch mit einer Kaffeemaschine zubereiten, die nur 100&nbsp;Watt Leistung hat, nur w\u00fcrde das dann 10&nbsp;mal so lange dauern. Wer will schon so eine Kaffeemaschine?<\/p>\n\n\n\n<p>H\u00e4ngen wir unsere Kaffeemaschine nun an die 230V-Steckdose. Wenn wir wissen wollen, welche Stromst\u00e4rke bei der Spannung von 230V n\u00f6tig ist, um die 1000W Leistung zu erbringen, m\u00fcssen wir die Leistungsformel umstellen:<\/p>\n\n\n\n<pre class=\"wp-block-preformatted\"><em>P<\/em> = <em>U<\/em> \u22c5 <em>I<\/em>  --&gt;  <em>I<\/em> = <em>P<\/em> \/ <em>U<\/em>\n<em>I<\/em> = 1000W \/ 230V\n<em>I<\/em> = <span style=\"text-decoration: underline\" class=\"underline\">4,35A<\/span><\/pre>\n\n\n\n<p>Warum sollten wir das wissen? Unsere Steckdosen zu Hause sind meist mit einer Sicherung von 16A abgesichert, d. h. wir k\u00f6nnten 16A aus der Steckdose ziehen, ohne dass der Strom ausf\u00e4llt. Kein Problem: 4,35 Ampere sind viel weniger als 16 Ampere. Wir k\u00f6nnten locker drei Kaffeemaschinen an der Steckdose betreiben.<\/p>\n\n\n\n<p>Wie sieht das nun im Wohnmobil aus, wenn wir keine 230V Stromversorgung haben, weil wir nicht auf einem Campingplatz oder einem Stellplatz stehen. Die einzige Stromquelle ist dann die Aufbaubatterie und die hat etwa eine Spannung von 12V. Wenn wir hier eine Kaffeemaschine mit 1000&nbsp;Watt anschlie\u00dfen wollen, dann m\u00fcssen wir die Rechnung noch mal anschauen:<\/p>\n\n\n\n<pre class=\"wp-block-preformatted\"><em>I<\/em> = <em>P<\/em> \/ <em>U<\/em>\n<em>I<\/em> = 1000W \/ <span style=\"color:#cf2e2e\" class=\"tadv-color\">12V<\/span>\n<em>I<\/em> = <span style=\"text-decoration: underline\" class=\"underline\"><span style=\"color:#cf2e2e\" class=\"tadv-color\"><strong>83,3A<\/strong><\/span><\/span><\/pre>\n\n\n\n<p>Wow! 83 Ampere sind eine Menge! Aber die Physik l\u00e4sst sich nicht austricksen. Unsere 12V-Batterie muss tats\u00e4chlich einen so hohen Strom liefern, wenn wir einen Kaffee wollen (tats\u00e4chlich muss sie sogar noch etwas mehr liefern, denn der Wechselrichter hat einen Wirkungsgrad von weniger als 100%, ein bisschen Schwund ist immer). <\/p>\n\n\n\n<div class=\"wp-block-image\"><figure class=\"aligncenter size-large\"><img decoding=\"async\" src=\"https:\/\/generationwomo.de\/wp-content\/uploads\/2021\/04\/wirkungsgrad-e1619043094653.jpg\" alt=\"\" class=\"wp-image-1085\"\/><figcaption>Der Wirkungsgrad z\u00e4hlt auch<\/figcaption><\/figure><\/div>\n\n\n\n<p>Das hat Konsequenzen! Normale Kabel, wie wir sie zu Hause verlegt haben, w\u00fcrden bei einem solchen Strom als Lampenersatz fungieren k\u00f6nnen. Sie w\u00e4ren eine Auferstehung der Gl\u00fchlampe, wenn auch nur f\u00fcr kurze Zeit. Wenn wir Gl\u00fcck haben, leuchten sie kurz auf, und ihre Asche f\u00e4llt zu Boden, wenn wir Pech haben, dann machen die gl\u00fchenden Drahtst\u00fccke aus unserem gesamten Wohnmobil einen Aschehaufen.<\/p>\n\n\n\n<p>Wie wir das Ganze in den Griff bekommen, k\u00f6nnt ihr <em><a href=\"https:\/\/generationwomo.de\/?page_id=822\" title=\"Einbau eines Wechselrichters\">hier weiterlesen<\/a><\/em>.<\/p>\n\n\n\n<p>F\u00fcr diejenigen, die sich etwas gr\u00fcndlicher mit der Materie besch\u00e4ftigen m\u00f6chten, habe ich freundlicherweise ein Skript zur Verf\u00fcgung gestellt bekommen. Mein Dank geht an Dr.-Ing. Stefan Schenke von der Helmut-Schmidt-Universit\u00e4t Hamburg:<\/p>\n\n\n\n<div class=\"wp-block-file\"><a href=\"https:\/\/generationwomo.de\/wp-content\/uploads\/2021\/04\/GET_Schenke.pdf\" target=\"_blank\" rel=\"noreferrer noopener\">Skript <em>Stefan Schenke: &#8222;Grundlagen der Elektrotechnik&#8220;<\/em> im Browser ansehen<\/a><a href=\"https:\/\/generationwomo.de\/wp-content\/uploads\/2021\/04\/GET_Schenke.pdf\" class=\"wp-block-file__button\" download>Herunterladen<\/a><\/div>\n\n\n<style>.wp-block-kadence-advancedbtn.kb-btns_f36d1e-c2{gap:var(--global-kb-gap-xs, 0.5rem );justify-content:flex-start;align-items:center;}.kt-btns_f36d1e-c2 .kt-button{font-weight:normal;font-style:normal;}.kt-btns_f36d1e-c2 .kt-btn-wrap-0{margin-right:5px;}.wp-block-kadence-advancedbtn.kt-btns_f36d1e-c2 .kt-btn-wrap-0 .kt-button{color:#555555;font-size:14px;background:#00d084;border-color:#00d084;box-shadow:2px 2px 3px 0px rgba(0, 0, 0, 0.2);}.wp-block-kadence-advancedbtn.kt-btns_f36d1e-c2 .kt-btn-wrap-0 .kt-button:hover, .wp-block-kadence-advancedbtn.kt-btns_f36d1e-c2 .kt-btn-wrap-0 .kt-button:focus{color:#ffffff;border-color:#00d084;}.wp-block-kadence-advancedbtn.kt-btns_f36d1e-c2 .kt-btn-wrap-0 .kt-button::before{display:none;}.wp-block-kadence-advancedbtn.kt-btns_f36d1e-c2 .kt-btn-wrap-0 .kt-button:hover, .wp-block-kadence-advancedbtn.kt-btns_f36d1e-c2 .kt-btn-wrap-0 .kt-button:focus{background:#00d084;box-shadow:inset 2px 2px 3px 0px rgba(0, 0, 0, 0.4);}<\/style>\n<div class=\"wp-block-kadence-advancedbtn kt-btn-align-left kt-btn-tablet-align-inherit kt-btn-mobile-align-inherit kt-btns-wrap kt-btns_f36d1e-c2\"><div class=\"kt-btn-wrap kt-btn-wrap-0\"><a class=\"kt-button button kt-btn-0-action kt-btn-size-small kt-btn-style-basic kt-btn-svg-show-always kt-btn-has-text-true kt-btn-has-svg-false\" href=\"https:\/\/generationwomo.de\/?page_id=107\"><span class=\"kt-btn-inner-text\">Zur\u00fcck zum \u00dcberblick<\/span><\/a><\/div><\/div>\n\n\n\n<div style=\"height:47px\" aria-hidden=\"true\" class=\"wp-block-spacer\"><\/div>\n\n\n\n<hr class=\"wp-block-separator\"\/>\n\n\n\n<p id=\"Fussnoten\"><a href=\"https:\/\/de.wikipedia.org\/wiki\/Andr\u00e9-Marie_Amp\u00e8re\" title=\"https:\/\/de.wikipedia.org\/wiki\/Andr\u00e9-Marie_Amp\u00e8re\" target=\"_blank\" rel=\"noreferrer noopener\"><sup>1<\/sup> Quelle: https:\/\/de.wikipedia.org\/wiki\/Andr\u00e9-Marie_Amp\u00e8re<\/a><br><a href=\"https:\/\/de.wikipedia.org\/wiki\/Alessandro_Volta\" target=\"_blank\" rel=\"noreferrer noopener\" title=\"https:\/\/de.wikipedia.org\/wiki\/Alessandro_Volta\"><sup>2<\/sup> Quelle: https:\/\/de.wikipedia.org\/wiki\/Alessandro_Volta<\/a><br><a href=\"https:\/\/de.wikipedia.org\/wiki\/Georg_Simon_Ohm\" target=\"_blank\" rel=\"noreferrer noopener\" title=\"https:\/\/de.wikipedia.org\/wiki\/Georg_Simon_Ohm\"><sup>3<\/sup> Quelle: https:\/\/de.wikipedia.org\/wiki\/Georg_Simon_Ohm<\/a><\/p>\n","protected":false},"excerpt":{"rendered":"<p>Ein Ausflug in die elektrotechnischen Grundlagen f\u00fcr Neulinge Bevor wir damit anfangen, uns Gedanken \u00fcber den Einbau eines elektrotechnischen Ger\u00e4tes zu machen, sollten die Grundlagen klar sein, die wir ben\u00f6tigen,&#8230;<\/p>\n<p class=\"read-more\"><a class=\"btn btn-default\" href=\"https:\/\/generationwomo.de\/?page_id=903\"> Read More<span class=\"screen-reader-text\">  Read More<\/span><\/a><\/p>\n","protected":false},"author":1,"featured_media":0,"parent":822,"menu_order":0,"comment_status":"open","ping_status":"closed","template":"template-page-FeaturedImgHead.php","meta":{"footnotes":""},"class_list":["post-903","page","type-page","status-publish","hentry"],"aioseo_notices":[],"_links":{"self":[{"href":"https:\/\/generationwomo.de\/index.php?rest_route=\/wp\/v2\/pages\/903","targetHints":{"allow":["GET"]}}],"collection":[{"href":"https:\/\/generationwomo.de\/index.php?rest_route=\/wp\/v2\/pages"}],"about":[{"href":"https:\/\/generationwomo.de\/index.php?rest_route=\/wp\/v2\/types\/page"}],"author":[{"embeddable":true,"href":"https:\/\/generationwomo.de\/index.php?rest_route=\/wp\/v2\/users\/1"}],"replies":[{"embeddable":true,"href":"https:\/\/generationwomo.de\/index.php?rest_route=%2Fwp%2Fv2%2Fcomments&post=903"}],"version-history":[{"count":0,"href":"https:\/\/generationwomo.de\/index.php?rest_route=\/wp\/v2\/pages\/903\/revisions"}],"up":[{"embeddable":true,"href":"https:\/\/generationwomo.de\/index.php?rest_route=\/wp\/v2\/pages\/822"}],"wp:attachment":[{"href":"https:\/\/generationwomo.de\/index.php?rest_route=%2Fwp%2Fv2%2Fmedia&parent=903"}],"curies":[{"name":"wp","href":"https:\/\/api.w.org\/{rel}","templated":true}]}}